 37, 89, 3631
What are the prime factors of 2963693661?
3, 987897887
What are the prime factors of 221072634?
2, 3, 12281813
What are the prime factors of 6365890727?
7, 59, 181, 85159
What are the prime factors of 340562365?
5, 11, 13, 19, 43, 53
List the prime factors of 31510319.
31510319
What are the prime factors of 482212327?
17, 28365431
What are the prime factors of 74758557?
3, 24919519
List the prime factors of 153592603.
17, 43, 210113
List the prime factors of 22546969.
23, 277, 3539
List the prime factors of 3785058.
2, 3, 439, 479
List the prime factors of 8166222098.
2, 4083111049
What are the prime factors of 63600640?
2, 5, 6211
List the prime factors of 3239714506.
2, 7, 231408179
What are the prime factors of 737648402?
2, 43, 8577307
List the prime factors of 685295246.
2, 14543, 23561
What are the prime factors of 28477056?
2, 3, 74159
List the prime factors of 2267906650.
2, 5, 149, 304417
What are the prime factors of 161398125?
3, 5, 7, 4099
List the prime factors of 226438707.
3, 11, 1451, 4729
List the prime factors of 5128201146.
2, 3, 353, 2421247
What are the prime factors of 137805242?
2, 37, 1862233
List the prime factors of 241199572.
2, 60299893
List the prime factors of 132407432.
2, 16550929
What are the prime factors of 367332301?
7, 19, 61, 2383
List the prime factors of 1278290941.
23, 53, 127, 359
What are the prime factors of 6043770211?
19, 1193, 266633
What are the prime factors of 1180962952?
2, 13, 349, 32537
What are the prime factors of 119444733?
3, 59, 97, 773
List the prime factors of 1952651622.
2, 3, 19, 31, 673, 821
What are the prime factors of 55509957?
3, 6167773
List the prime factors of 1844509747.
83, 331, 67139
What are the prime factors of 9387966?
2, 3, 7, 107, 2089
What are the prime factors of 332146449?
3, 71, 7321
What are the prime factors of 27457190?
2, 5, 2745719
List the prime factors of 1571170681.
181, 8680501
What are the prime factors of 61296266?
2, 137, 349, 641
List the prime factors of 323831164.
2, 17, 251, 18973
List the prime factors of 81913321.
7, 787, 14869
List the prime factors of 153096211.
23, 43, 154799
What are the prime factors of 2310727051?
2310727051
List the prime factors of 397170499.
11, 53, 681253
List the prime factors of 490243693.
53, 9249881
What are the prime factors of 140074232?
2, 19, 23, 103, 389
List the prime factors of 2854506.
2, 3, 475751
List the prime factors of 27282094.
2, 7, 23, 193, 439
List the prime factors of 89404177.
19, 227, 1091
List the prime factors of 142754078.
2, 71377039
List the prime factors of 1139032842.
2, 3, 1039, 182713
List the prime factors of 660284416.
2, 11, 73
List the prime factors of 1344518542.
2, 17, 1063, 37201
List the prime factors of 70730222.
2, 2729, 12959
What are the prime factors of 1557301727?
36583, 42569
List the prime factors of 230095752.
2, 3, 43, 59, 3779
List the prime factors of 257827146.
2, 3, 42971191
What are the prime factors of 133548378?
2, 3, 19, 1171477
What are the prime factors of 1878203128?
2, 234775391
What are the prime factors of 262168195?
5, 52433639
What are the prime factors of 13553525?
5, 542141
List the prime factors of 35134730.
2, 5, 83, 42331
List the prime factors of 44152990.
2, 5, 7, 31, 20347
List the prime factors of 54215215.
5, 10843043
List the prime factors of 954808042.
2, 1249, 382229
List the prime factors of 429628197.
3, 5779, 24781
List the prime factors of 528283090.
2, 5, 23, 31, 74093
List the prime factors of 171523392.
2, 3, 893351
What are the prime factors of 40481083?
1709, 23687
What are the prime factors of 1147449698?
2, 37, 41, 131, 2887
What are the prime factors of 439867795?
5, 29, 3033571
List the prime factors of 39320376.
2, 3, 1638349
What are the prime factors of 6975460555?
5, 7, 59, 3377947
List the prime factors of 22989542.
2, 17, 563, 1201
List the prime factors of 43515854.
2, 1061, 20507
List the prime factors of 900808297.
19, 2963, 16001
What are the prime factors of 892184336?
2, 1459, 38219
List the prime factors of 72673683.
3, 71, 341191
List the prime factors of 403920376.
2, 1747, 28901
List the prime factors of 36950216.
2, 4618777
What are the prime factors of 26938375?
5, 215507
List the prime factors of 704933631.
3, 1087, 24019
What are the prime factors of 9436330386?
2, 3, 7, 17, 489487
List the prime factors of 1791554612.
2, 19, 73, 322919
What are the prime factors of 5137152563?
199, 25814837
List the prime factors of 692967954.
2, 3, 7, 907, 18191
What are the prime factors of 2035381494?
2, 3, 339230249
What are the prime factors of 43876352?
2, 13, 103
List the prime factors of 761440231.
23, 467, 70891
List the prime factors of 395999468.
2, 2131, 46457
List the prime factors of 56458487.
56458487
List the prime factors of 155163954.
2, 3, 11, 2350969
List the prime factors of 61664811.
3, 13, 53, 29833
List the prime factors of 9419.
9419
List the prime factors of 322972179.
3, 107657393
List the prime factors of 62151250.
2, 5, 7, 7103
What are the prime factors of 2826845603?
1019, 2774137
What are the prime factors of 135473691?
3, 1181, 38237
List the prime factors of 378499603.
37, 641, 15959
What are the prime factors of 20306169?
3, 13, 197, 881
What are the prime factors of 9401644?
2, 7, 467, 719
What are the prime factors of 363876588?
2, 3, 53, 190711
List the prime factors of 23351716.
2, 23, 253823
List the prime factors of 586991320.
2, 5, 19, 29, 26633
List the prime factors of 1299195383.
1299195383
List the prime factors of 16873741.
17, 223, 4451
What are the prime factors of 79246676?
2, 29, 59, 11579
List the prime factors of 5211553778.
2, 31, 84057319
List the prime factors of 3088173248.
2, 1019, 47353
What are the prime factors of 409918821?
3, 13, 10510739
What are the prime factors of 71222634?
2, 3, 7, 565259
List the prime factors of 78330452.
2, 109, 179657
What are the prime factors of 30422612?
2, 11, 619, 1117
List the prime factors of 558539725.
5, 59, 378671
List the prime factors of 4537624220.
2, 5, 109, 2081479
List the prime factors of 3951215131.
27751, 142381
List the prime factors of 65901578.
2, 23, 53, 27031
What are the prime factors of 1817901?
3, 19, 10631
List the prime factors of 2371384161.
3, 87829043
What are the prime factors of 1987627806?
2, 3, 31, 3562057
What are the prime factors of 85774342?
2, 47, 151, 6043
List the prime factors of 121646385.
3, 5, 7, 41, 9419
List the prime factors of 585129565.
5, 117025913
What are the prime factors of 7357934125?
5, 71, 829063
What are the prime factors of 154868907?
3, 51622969
List the prime factors of 157459792.
2, 7, 29, 48479
What are the prime factors of 5666380?
2, 5, 449, 631
What are the prime factors of 22047344?
2, 11, 125269
List the prime factors of 5982979754.
2, 173, 17291849
What are the prime factors of 501240237?
3, 83, 2013013
What are the prime factors of 14683427?
11, 17, 233, 337
List the prime factors of 96407291.
419, 230089
List the prime factors of 7523685343.
31219, 240997
List the prime factors of 812078354.
2, 19, 21370483
What are the prime factors of 59115086?
2, 17, 1259, 1381
List the prime factors of 217806400.
2, 5, 7, 19447
List the prime factors of 668570309.
11, 19, 61, 229
What are the prime factors of 22896812?
2, 43, 133121
List the prime factors of 697951212.
2, 3, 7, 8308943
What are the prime factors of 755061159?
3, 19, 13246687
List the prime factors of 97665058.
2, 6323, 7723
What are the prime factors of 2835195173?
2835195173
List the prime factors of 391189758.
2, 3, 29, 233, 9649
List the prime factors of 39396663.
3, 4377407
What are the prime factors of 245705387?
245705387
What are the prime factors of 174593330?
2, 5, 43, 173, 2347
What are the prime factors of 43143134?
2, 31, 22447
What are the prime factors of 3512909201?
137, 743, 34511
List the prime factors of 944571642.
2, 3, 7, 293, 76757
What are the prime factors of 195262868?
2, 103, 473939
What are the prime factors of 165994821?
3, 239, 77171
What are the prime factors of 67167183?
3, 47, 476363
What are the prime factors of 8278383?
3, 2759461
List the prime factors of 72725689.
2087, 34847
What are the prime factors of 182569447?
31, 467, 12611
List the prime factors of 